e 14738500?
True
Is 97011992 a multiple of 56?
True
Is 5360 a factor of 349382651?
False
Is 4564755 a multiple of 85?
True
Does 347 divide 10450261?
False
Does 252 divide 46430748?
True
Is 41918377 a multiple of 541?
False
Does 34 divide 28546455?
False
Is 128212608 a multiple of 118?
False
Does 463 divide 6874161?
True
Does 82 divide 367692428?
True
Is 217950904 a multiple of 60?
False
Does 108 divide 4335660?
True
Is 5101048960 a multiple of 2212?
True
Does 4 divide 1459550?
False
Is 4 a factor of 11739236?
True
Does 420 divide 740283743?
False
Does 53 divide 24229162?
True
Is 244 a factor of 2238110984?
True
Does 2 divide 10353353?
False
Is 15588848 a multiple of 209?
False
Is 19030905 a multiple of 2376?
False
Is 49 a factor of 2398705036?
True
Does 17 divide 533842772?
True
Does 25 divide 15701700?
True
Is 8 a factor of 12095599?
False
Is 131 a factor of 17658783?
False
Does 165 divide 6539489?
False
Is 267 a factor of 8061531?
True
Does 68 divide 228365352?
True
Is 45743723 a multiple of 105?
False
Is 90633198 a multiple of 26?
False
Is 953975246 a multiple of 40?
False
Does 230 divide 27188638?
False
Is 91518797 a multiple of 142?
False
Is 887403469 a multiple of 18?
False
Does 578 divide 157615710?
False
Does 25 divide 25512990?
False
Is 9 a factor of 16666098?
False
Is 831898267 a multiple of 71?
True
Is 1647 a factor of 761446183?
False
Does 45 divide 42438611?
False
Does 1468 divide 285136980?
True
Is 8015553 a multiple of 103?
False
Does 44 divide 63658892?
True
Is 485196480 a multiple of 40?
True
Is 1511 a factor of 278903740?
False
Is 443 a factor of 554051199?
False
Does 44 divide 98544390?
False
Is 142130092 a multiple of 52?
True
Is 16868977 a multiple of 71?
False
Is 6 a factor of 5489028?
True
Does 182 divide 29479446?
False
Does 197 divide 140809699?
False
Does 2902 divide 8293916?
True
Is 372542454 a multiple of 414?
True
Does 5 divide 43258760?
True
Is 4081 a factor of 371265202?
False
Does 86 divide 709172925?
False
Is 2679030574 a multiple of 61?
True
Is 5919916 a multiple of 171?
False
Is 53242522 a multiple of 65?
False
Is 43497080 a multiple of 344?
True
Does 131 divide 20201903?
True
Is 44719008 a multiple of 482?
False
Is 2099 a factor of 282968720?
False
Is 73617068 a multiple of 28?
True
Does 61 divide 11249254?
True
Does 84 divide 391053582?
False
Is 267468723 a multiple of 469?
False
Is 174465832 a multiple of 2006?
True
Is 3272431406 a multiple of 13490?
False
Is 704 a factor of 216212480?
True
Is 2658850 a multiple of 5?
True
Is 23 a factor of 38335584?
False
Does 12410 divide 42553890?
True
Is 237457538 a multiple of 7?
False
Is 1215544158 a multiple of 1242?
True
Does 11 divide 4330471?
False
Is 1224284 a multiple of 281?
False
Does 860 divide 7469100?
True
Is 70094736 a multiple of 44?
False
Is 19040775 a multiple of 39?
True
Is 128651565 a multiple of 318?
False
Is 2347693803 a multiple of 5?
False
Does 1304 divide 2825014600?
False
Is 1343 a factor of 351507419?
True
Does 38 divide 6613413396?
False
Is 1163 a factor of 24728869?
True
Is 287729620 a multiple of 20?
True
Is 16366420 a multiple of 32?
False
Is 31 a factor of 9883849?
False
Does 8 divide 59744586?
False
Is 66 a factor of 180589332?
True
Is 49554466 a multiple of 59?
False
Is 500272272 a multiple of 29?
True
Does 549 divide 2603075?
False
Does 5 divide 65647885?
True
Does 93 divide 127615902?
True
Is 506669713 a multiple of 73?
True
Does 13 divide 437568452?
False
Is 136 a factor of 1039501347?
False
Is 492 a factor of 9363252?
True
Is 769 a factor of 234698800?
True
Is 632886174 a multiple of 169?
False
Is 499 a factor of 2785278280?
True
Is 12196689 a multiple of 2?
False
Is 299 a factor of 33280310?
False
Is 26 a factor of 217018762?
False
Is 421596 a multiple of 441?
True
Is 174 a factor of 41995157?
False
Does 216 divide 157074984?
True
Is 85576226 a multiple of 297?
False
Does 81 divide 9659925?
False
Is 78456405 a multiple of 15?
True
Is 652 a factor of 1132237772?
True
Is 1466 a factor of 138780356?
True
Does 51 divide 90930093?
True
Is 8 a factor of 277129544?
True
Is 5533 a factor of 1783678743?
True
Does 64 divide 198996182?
False
Is 10621545 a multiple of 15?
True
Is 5547 a factor of 1664246131?
False
Does 1081 divide 108716170?
True
Is 124793906 a multiple of 1165?
False
Does 62 divide 174654536?
False
Is 14 a factor of 592397610?
True
Does 282 divide 28701396?
True
Is 1877 a factor of 134952546?
True
Is 2233773 a multiple of 100?
False
Does 406 divide 7432957?
False
Is 72185168 a multiple of 11?
True
Does 11 divide 21384913?
True
Is 1164715346 a multiple of 1033?
False
Is 52 a factor of 168688894?
False
Is 6838 a factor of 4961769046?
True
Is 83 a factor of 1432660260?
False
Is 217877919 a multiple of 69?
True
Is 495 a factor of 69716524?
False
Is 24 a factor of 220712184?
True
Is 1265299200 a multiple of 3600?
True
Is 895895724 a multiple of 692?
True
Is 898425 a multiple of 8?
False
Is 6246121 a multiple of 1356?
False
Is 29994929 a multiple of 2?
False
Is 59854492 a multiple of 8?
False
Is 2430 a factor of 145522980?
True
Is 23201910 a multiple of 9?
True
Is 289903578 a multiple of 12?
False
Does 10 divide 2251310?
True
Is 76 a factor of 34110092?
True
Is 40 a factor of 74821520?
True
Does 183 divide 4412661?
False
Does 4190 divide 212521059?
False
Is 818 a factor of 669367764?
True
Is 12143479 a multiple of 154?
False
Does 22 divide 15593585?
False
Is 73708455 a multiple of 1709?
False
Is 202 a factor of 573012477?
False
Is 5 a factor of 2192902150?
True
Is 33388836 a multiple of 6?
True
Is 2445434030 a multiple of 103?
False
Is 1090236 a multiple of 7?
True
Does 373 divide 317653887?
True
Does 82 divide 36881304?
True
Does 2107 divide 1278445?
False
Does 14 divide 145220477?
False
Is 104804076 a multiple of 13?
True
Is 1712304795 a multiple of 68?
False
Does 1557 divide 3828277?
False
Does 14 divide 84719838?
True
Is 72 a factor of 84182040?
True
Is 9313 a factor of 115821951?
False
Is 219170443 a multiple of 278?
False
Is 23 a factor of 53275548?
False
Is 123560204 a multiple of 273?
False
Is 51 a factor of 38749749?
True
Does 37 divide 1622701082?
True
Is 130 a factor of 33516669?
False
Does 8 divide 3133331900?
False
Does 19 divide 2214944?
True
Is 180 a factor of 34646040?
True
Is 18 a factor of 56623824?
True
Is 2025 a factor of 379258200?
True
Is 49533556 a multiple of 324?
False
Is 139933575 a multiple of 513?
True
Is 825 a factor of 134414775?
True
Does 456 divide 286780306?
False
Is 250485524 a multiple of 9?
False
Is 6 a factor of 215941526?
False
Is 14 a factor of 117336661?
False
Does 592 divide 607596832?
True
Does 19 divide 22857513?
True
Is 4 a factor of 1631801?
False
Is 1378282964 a multiple of 131?
True
Does 1951 divide 237196162?
False
Is 178131445 a multiple of 1221?
False
Does 1867 divide 159441800?
True
Does 2054 divide 24925290?
True
Is 116 a factor of 673445776?
False
Does 1190 divide 1111694692?
False
Does 26 divide 226060306?
False
Does 25 divide 35297198?
False
Is 724136310 a multiple of 8?
False
Does 4 divide 195944677?
False
Is 6686817228 a multiple of 26?
True
Is 6189 a factor of 384114096?
True
Is 212 a factor of 1394913148?
True
Does 9 divide 710126196?
False
Is 66593294 a multiple of 495?
False
Is 87 a factor of 184853250?
True
Does 187 divide 28646153?
False
Is 14 a factor of 174825721?
False
Is 2045719055 a multiple of 111?
False
Is 39260272 a multiple of 1394?
False
Is 84368050 a multiple of 325?
True
Is 14453660 a multiple of 260?
True
Does 106 divide 556804008?
True
Does 244 divide 48783989?
False
Is 3 a factor of 17322073?
False
Does 45 divide 54123120?
True
Is 4455246 a multiple of 6?
True
Is 25974960 a multiple of 11?
True
Is 707610788 a multiple of 986?
True
Does 70 divide 416829700?
True
Is 291056584 a multiple of 6?
False
Is 599 a factor of 284326132?
True
Is 892 a factor of 4085360?
True
Is 78434350 a multiple of 1346?
False
Does 49 divide 770754028?
False
Is 75 a factor of 1577077?
False
Is 905 a factor of 3018010022?
False
Does 149 divide 132215743?
False
Is 28645307 a multiple of 39?
False
Does 4788 divide 3084070500?
True
Does 786 divide 220961892?
True
Does 989 divide 36960908?
True
Is 4 a factor of 25939044?
True
Is 318 a factor of 29019979?
False
Is 111 a factor of 95